39, 4*p + 71 = -4*o - 193. Let c = -86 - -151. Let v = p + c. Calculate the greatest common divisor of 14 and v.
2
Let u(i) = 38*i**2 + 3306*i + 9. Let y be u(-87). Calculate the greatest common factor of 738 and y.
9
Let a be (20/12)/(((-105)/(-54))/7). Let g be 4/(a + -4 - 1). Calculate the greatest common factor of 52 and g.
4
Let y be (-31)/(-11) - 12/(-66). Suppose -y*n + 10 = 4. Suppose 0*r + 3*r - 4*d - 20 = 0, d + 18 = 4*r. Calculate the greatest common factor of r and n.
2
Suppose 3*t - 96 = 21. Let m be 40/(-2)*(-6)/(18/t). Let o be (12/(-18))/(2/(-312)). Calculate the highest common divisor of m and o.
52
Let j(h) = -h - 15. Let u be j(0). Let k be u/10*(-118)/3. Calculate the highest common factor of k and 236.
59
Suppose 16*d + 972 = -37*d + 89*d. Let v = -4 + 5. Let l be (v - 0)/(8/144). Calculate the highest common factor of l and d.
9
Suppose c - 595 = -4*c - 2*i, c - 127 = -2*i. Calculate the highest common divisor of 26 and c.
13
Let m = 31 - 29. Suppose -v + 302 = 4*v + 2*r, 238 = 4*v - m*r. Calculate the greatest common divisor of 10 and v.
10
Suppose 2993 = 79*v + 149. What is the highest common factor of v and 2196?
36
Suppose -1857 = -105*t + 101*t + a, -t - 5*a + 480 = 0. What is the highest common divisor of 341 and t?
31
Suppose 49*o - 12494 = 48*o + c, 62468 = 5*o - 4*c. Calculate the greatest common divisor of o and 72.
36
Let q = 100 + -203. Let k = 81 - q. What is the greatest common factor of 8 and k?
8
Suppose -11*m = 2*m - 3086 - 1698. Calculate the highest common factor of 5198 and m.
46
Let u(k) = -9*k**2 + 18*k + 20. Let b be u(-7). Let n = 627 + b. What is the highest common factor of 144 and n?
16
Suppose 375*t - 1800 = 75*t. Calculate the greatest common factor of t and 9714.
6
Suppose -94*b + 91*b = -36. Suppose 25 = -b*i + 625. What is the highest common divisor of i and 25?
25
Let u be (-1 + -4)*432/30. Let z = 126 + u. Calculate the greatest common factor of 270 and z.
54
Let g(c) = -289*c + 22 - 289*c + 588*c. Let s be g(7). Calculate the greatest common factor of s and 23.
23
Suppose 2*d = 3*g + 70, 0 = -17*g + 12*g. Calculate the highest common factor of 343 and d.
7
Let p(d) = d**2 - 5*d + 6. Let x be p(3). Suppose 5*f - 324 = -4*g + 141, x = -g + 3*f + 95. Calculate the highest common factor of 10 and g.
10
Let g(p) = p**3 - 13*p**2 - 9*p - 65. Let s be g(14). Suppose -4*t - 17 = -17*l + 16*l, 0 = -s*l - 2*t + 19. What is the greatest common factor of l and 65?
5
Suppose 0 = -l - 2*h - 404, -4*l + 2*h - 863 = 703. Let g = -361 - l. Let u = -137 - -401. Calculate the greatest common divisor of u and g.
33
Suppose -459*o - 13608 = -66485 - 30661. Calculate the greatest common factor of 378 and o.
14
Suppose -11*h = -2356 - 1208. What is the greatest common divisor of 11556 and h?
108
Suppose 5*l = -3*v + 9, l + 76 = 5*v + 61. What is the highest common divisor of v and 3?
3
Let n = 277 - -75. Let x(h) = 2*h**2 + 14*h - 174. Let p be x(7). What is the greatest common divisor of n and p?
22
Suppose -51*j + 28*j + 33 = -312. Calculate the greatest common factor of 65 and j.
5
Let b = 72 - 64. Suppose -b*l + 130 = -13*l. Let i be -2 + 56/26 - 542/l. Calculate the highest common factor of 21 and i.
21
Let d be (-2 + -1)/(162/(-12)) + 2804/18. Calculate the greatest common divisor of d and 975.
39
Let j = 9755 + -9719. What is the highest common factor of j and 156?
12
Suppose -6*c = 4 - 310. Suppose i + 4*n - 32 = 0, 29 = 3*i + 4*n - c. What is the greatest common factor of 6 and i?
6
Let o = 10331 + -9773. Calculate the greatest common factor of o and 198.
18
Suppose 135*a + 1980 = 147*a. Let p be 848/(-10)*a/(-66). Calculate the highest common divisor of p and 159.
53
Let r be 28*(195/35 + -5). Suppose 3*k + 14*d - r*d = 16, 4*k + d = 36. What is the greatest common factor of k and 16?
8
Suppose 38*w - 5360 - 9498 = 0. Calculate the highest common divisor of 69 and w.
23
Suppose -84*c = 62*c - 26*c - 434160. What is the greatest common factor of 81 and c?
27
Let r = 37 - -30. Suppose r*h - 71*h = -52. Calculate the highest common factor of h and 3.
1
Let c = -2133 - -2616. What is the greatest common divisor of 345 and c?
69
Suppose 3*u = -c + 362, 3*c - 570 = 4*u + 529. Suppose -2*m + 3*b + 4 = 0, 0*m - 22 = -4*m - b. Calculate the greatest common divisor of m and c.
5
Let l = 7441 - 7366. Calculate the highest common divisor of l and 1925.
25
Let v be 30784/888 - 2/(-6). Calculate the highest common divisor of v and 9485.
35
Let o = -1750 - -2086. What is the highest common divisor of 10416 and o?
336
Let u = -76 - -1100. Let l be (-28)/21 - 47/(2820/(-2000)). What is the greatest common factor of l and u?
32
Suppose 0 = -13*i + 14*i - 5, -3*h + 4*i = 8. Suppose 0*n - 3*n + 57 = -3*t, -h*n + 70 = -2*t. What is the greatest common divisor of 992 and n?
16
Suppose 2*y + 302 = 1130. What is the highest common divisor of 184 and y?
46
Let x(s) = -s**3 + 13*s**2 - 2*s + 22. Let p be x(0). Calculate the highest common factor of 22 and p.
22
Let i(t) = 12*t**2 + 30*t - 30. Let r be i(1). Calculate the greatest common divisor of r and 87.
3
Suppose -6*v + 36 = 0, -19*v = 2*u - 21*v - 516. Calculate the greatest common factor of 192 and u.
24
Let a(h) = -h**2 + 199*h + 729. Let r be a(0). What is the highest common divisor of 9 and r?
9
Let x be 885/3 - 3 - 1. Let b = x + -195. What is the greatest common factor of 12 and b?
12
Let k(h) = -2*h - 10. Let q be k(-6). Let p = q + -95. Let j = p - -156. What is the greatest common divisor of 9 and j?
9
Suppose 181*q - 46*q + 91*q - 20340 = 0. Let w(p) = -p**2 - 14*p - 5. Let m be w(-9). What is the greatest common divisor of q and m?
10
Let d be (-11)/(-3)*(0 + 3). Let o(x) = -366*x**2 + 130 + 63*x - 359*x**2 + 727*x**2. Let j be o(-31). Calculate the highest common factor of j and d.
11
Let m be 3488/176 + 4/22. Let p be 235/m - 1/(-4). Let t be (-3)/p*14*-2. Calculate the greatest common factor of 63 and t.
7
Let d be 0 + (6 - 2) + -91. Let f be -3 + -4*d/12. Let c be f/4*-10*14/(-35). What is the highest common divisor of 91 and c?
13
Let d(a) = -a**3 - 6*a**2 - 20*a - 47. Let j be d(-4). Suppose 4*q + 0*q + 12 = 0. Let l be 26/q*j*-3. What is the greatest common factor of 91 and l?
13
Let m(i) = i**2 - 36*i + 165. Let a be m(31). Let x(y) = 2*y**3 + 2*y**2 + 4*y + 1. Let f be x(3). What is the greatest common factor of f and a?
5
Suppose 15*p + 17225 = 17765. Let q(b) = -b**3 - 2*b**2. Let n be q(-6). Calculate the greatest common factor of p and n.
36
Let u be (((-72)/14)/(-1))/((-28)/(-1078)). Let r be 1*((-1 - 23) + 1). Let q = r - -45. Calculate the highest common factor of q and u.
22
Let a be ((-1)/(20/75))/(19/(-2888)). Calculate the highest common divisor of a and 90.
30
Let v be 20/7*(-77)/(-11). Let p(q) = 0*q + 25*q**3 - 24*q**3 + 0*q - 3. Let s be p(2). What is the highest common factor of v and s?
5
Let d be 744/22 - -5*(-2)/(-55). Suppose -118 = -2*s - d. Suppose -6*i + 43 = 1. What is the greatest common factor of i and s?
7
Let h(s) = 11*s**2 - 8*s - 11. Let r(l) = -l**2 + 1. Let m be r(-2). Let g be h(m). Calculate the highest common divisor of g and 28.
28
Let l(u) = 13*u - 61*u**2 - 63*u**2 + 6 + 126*u**2. Let q be l(7). What is the highest common factor of q and 30?
15
Suppose 1727 = -1024*w + 1037*w - 1783. What is the greatest common factor of 1035 and w?
45
Let h be ((-46896)/(-90))/8 + 4/(-30). Suppose 323*b = 324*b - h. Calculate the greatest common divisor of 30 and b.
5
Let w(z) be the first derivative of z**4/4 + 2*z**3/3 - 5*z**2 - 10*z - 117. Let h be w(-3). What is the highest common divisor of h and 396?
11
Let l(k) = -9*k + 33. Let b(f) = f + 20. Let m be b(-16). Let j be l(m). Let i = j - -94. Calculate the greatest common factor of 13 and i.
13
Let k be 988*(429/(-26) - -18). What is the highest common divisor of 104 and k?
26
Let h = 22455 + -22325. What is the highest common factor of h and 1378?
26
Suppose 28*l = -4*w + 33*l + 750, 3*w = 4*l + 561. What is the highest common divisor of 1027 and w?
13
Suppose 0 + 21 = 7*x. Let j(b) = b. Let h be j(2). Suppose x*w + 5*i = 2 + 5, -h*w + 10 = 2*i. What is the highest common factor of w and 36?
9
Let i(g) = -138*g + 68. Let l be i(-11). Let f be -4*((-200)/32 + -9). What